t common divisor of h and 10.
10
Let n = -296 + 307. Calculate the greatest common factor of 891 and n.
11
Let c be ((-4)/(-10))/((-5)/(-50)). Suppose c + 2 = u. Suppose -5*a = -u*a + 9. What is the highest common divisor of 81 and a?
9
Let w(r) = -32*r - 87. Let s be w(-5). What is the highest common factor of s and 949?
73
Let p = -6 - -6. Suppose p = -o - 0*o - 29. Let b = -20 - o. Calculate the greatest common divisor of b and 36.
9
Suppose w - v - 56 = 3*v, -3*w + 3*v + 186 = 0. What is the greatest common divisor of w and 160?
32
Let o(g) = 2*g. Let f be o(-8). Let v(w) = -w**3 - 15*w**2 + 12*w - 36. Let c be v(f). Calculate the highest common divisor of 4 and c.
4
Suppose 136 + 160 = 4*z. Suppose 4*w + 14 + z = o, -4*w - 2*o = 76. Let c = w - -39. Calculate the greatest common factor of c and 45.
9
Let q(c) = -10*c + 98. Let g be q(-20). What is the greatest common divisor of 2831 and g?
149
Let r be 10 - (-7 - (3 + -8)). What is the greatest common divisor of 12 and r?
12
Let g = 13 + 19. Let x(i) = i**2 - 17. Let w be x(-7). What is the highest common divisor of w and g?
32
Suppose -3*i - 3*v - 24 = -1503, 4*i = -v + 1975. Let k be 32/(-112) - i/(-14). Suppose -5*a - 1 + 36 = 0. Calculate the highest common factor of k and a.
7
Let y = 64 - 57. Suppose -2*a + y = -41. Calculate the highest common divisor of 60 and a.
12
Let w be 2 + 6 + (434/7 - 6). Calculate the greatest common divisor of w and 496.
16
Let m(y) = -y**3 - 2*y**2 + 1. Let r be m(-3). Let z be 3/3*(1 + 17). Let n = z - 13. Calculate the highest common factor of n and r.
5
Suppose 4*x = 4, 3*x - 4*x = -4*t + 287. Suppose -38 - 55 = u + p, -2*u + p - 186 = 0. Let r = u - -102. What is the highest common factor of t and r?
9
Let k(v) = 10*v + 2 - 23 - 2*v**3 + 3*v**3 + 9*v**2. Let h be k(-7). What is the highest common divisor of h and 91?
7
Suppose -11*u + 1872 = -2*u. Calculate the highest common factor of 26 and u.
26
Suppose 0 = 6*t - 202 - 254. Calculate the highest common divisor of t and 95.
19
Suppose 2*x - 3*f - 123 = 0, -3*f - 2*f - 72 = -x. What is the greatest common divisor of 6 and x?
3
Let x(g) = g**3 + 12*g**2 + 17*g - 7. Let k be x(-10). Let o be (276/(-10))/(12/(-30)). What is the highest common divisor of o and k?
23
Let o(q) = q**2 + 3*q - 15. Let s = -37 + 31. Let g be o(s). What is the highest common factor of g and 3?
3
Let w(o) = -o**2 - o + 20. Let j be w(0). Suppose 22*m - 6 = j*m. What is the greatest common factor of 6 and m?
3
Suppose -5*b - p = -0*p - 14, 2*b - 2*p = -4. Let j be b*(6/12 - 0). What is the greatest common divisor of j and 28?
1
Suppose 32*w - 4*g - 64 = 31*w, -3*g = -3. What is the highest common factor of 17 and w?
17
Let c = 97 + 389. Let z = 75 - 21. Calculate the highest common factor of z and c.
54
Let j be 4 - 3 - (-1)/1. Let u = -12 + j. Let a(d) = -d**3 - 8*d**2 + 9*d + 2. Let s be a(u). Calculate the highest common factor of s and 14.
14
Suppose -73 = 8*g - 1737. What is the greatest common divisor of g and 32?
16
Suppose -3*f - 3209 = -5*c, -11*c + 2*f = -7*c - 2566. What is the highest common divisor of c and 60?
20
Let l(j) = 0*j + 3*j + 0*j + 10 - j. Let x be l(9). Let k be (-4)/(-5)*350/4. What is the highest common divisor of x and k?
14
Let j be 30/(-45) - (1748/(-3) + -3). Calculate the greatest common divisor of 45 and j.
45
Let d = -16 - -35. Suppose o = -2*l + 19, -3*l = -o - d - 7. Suppose 5*a = 4*z - 21, -2*z + 39 = z + 4*a. What is the highest common factor of z and l?
9
Let t = 81 + -73. Let f = 191 - 127. Calculate the greatest common factor of t and f.
8
Let y(k) = -k**3 + 8*k**2 + 11*k - 4. Let u be 1*(6/(-1) - 0). Let t = u + 15. Let g be y(t). Calculate the highest common divisor of g and 14.
14
Let w = -26 + -7. Let p = w + 54. Suppose 2*b + 104 = 5*i + 1, 2*i - 4*b = 38. What is the greatest common divisor of p and i?
21
Let o be 8/(-12)*(-11 - 1). Let x be 14/o*2*-8. Let l be x/(-2) - (9 - 5). Calculate the greatest common factor of l and 90.
10
Let f(s) = 19*s - 5. Suppose -10 = -5*n + 5. Let j be f(n). Calculate the greatest common divisor of 13 and j.
13
Let b = -10 - 14. Let o be (-16)/b - (-1670)/6. Calculate the greatest common factor of o and 31.
31
Let x(l) = l**3 + 6*l**2 - 4*l - 2. Let z be x(-6). Suppose -11*i - 167*i = -31328. Calculate the greatest common divisor of z and i.
22
Let i be 26 + 2 + 2/(-2). Let t be (-2)/((-6)/(-45)*-3). Suppose 3*f - p = -0*f + 8, 0 = -t*p + 5. Calculate the highest common factor of f and i.
3
Let g(z) = 3*z**2. Let r = -9 - -9. Suppose r = 3*c + 1 + 5, 3*c + 10 = -2*m. Let h be g(m). Calculate the highest common divisor of h and 108.
12
Let g be (0/(-2))/(-4 - -5). Suppose -c - 17 = -g*c. Let z = c - -29. Calculate the greatest common divisor of 96 and z.
12
Let u(t) = -28*t - 42. Let g be u(-4). Calculate the greatest common factor of g and 175.
35
Let j(s) = s**2 - 11*s - 6. Suppose -4*y - 3*w + 4 = w, -5*y + 5*w = -45. Let z = -2 - y. Let f be j(z). What is the highest common factor of f and 15?
15
Suppose -2*p + h = -18, 6 = -4*h + h. Suppose -5*o + 2*c = -92, c = -3*o + 3*c + 52. What is the greatest common factor of p and o?
4
Suppose -4*c = c - 175. Suppose -5*d = -18*d + 91. What is the highest common factor of d and c?
7
Suppose -2*a - 4*h + 112 = 2*a, -4 = -a + 5*h. Suppose -35*l = -36*l + a. What is the greatest common factor of 36 and l?
12
Suppose -36 = -4*c + 52. Let n(w) = w**2 + w - 2. Let o be n(-3). Suppose o*z - 8 = -0*z. Calculate the greatest common factor of z and c.
2
Suppose -1148 = -7*w + 4963. Calculate the highest common divisor of 9 and w.
9
Suppose 4*s = -3*o + 16, 0*s + 2*s - 8 = -5*o. Let t be (-16)/40*(-95 - o). Suppose 5*u - 27 - t = 0. Calculate the highest common divisor of 143 and u.
13
Let s(k) = -9*k + 6*k**3 - 66 - 5*k**3 + 51 + 10*k**2. Let z be s(-10). Calculate the highest common factor of z and 45.
15
Let q = -3 - -42. What is the greatest common divisor of q and 169?
13
Let t(o) = 6*o**2 + 209*o - 26. Let a be t(-35). Let n be 214/3 + 6/9. What is the greatest common factor of a and n?
9
Let v = 483 - 405. Calculate the greatest common factor of 507 and v.
39
Let g(t) be the first derivative of 7/2*t**2 - 2*t + 2/3*t**3 - 7. Let n be g(-5). What is the highest common divisor of n and 104?
13
Let l be -4*3*8/(-48) - -61. Suppose 0*z = -2*z + 24. Let u be z*2*14/16. What is the greatest common factor of u and l?
21
Suppose 3*z - 3*s + 6 = 0, -3*z = -0*s + 4*s - 22. Calculate the highest common factor of 2 and z.
2
Let u(h) = -h**2 + 12*h - 1. Let m be u(7). Calculate the greatest common divisor of 119 and m.
17
Suppose 3*m - 13 = 6*m - 5*h, 5*h = 2*m + 17. Suppose -s = -6*s. Suppose v - 4*v + 3 = s. Calculate the greatest common factor of m and v.
1
Let a(f) = 17*f - 15. Let t be a(1). What is the greatest common factor of t and 3?
1
Suppose -9*k - 90 = -3*k. Let y = 26 + k. Calculate the highest common divisor of y and 11.
11
Suppose 0*v - 3*v + 253 = 4*q, -5*q + 319 = v. Suppose -6*k + 262 = q. Calculate the highest common divisor of 363 and k.
33
Let s = -627 - -851. Calculate the greatest common divisor of 140 and s.
28
Suppose -57*r = -73*r + 576. What is the greatest common divisor of 9 and r?
9
Let b(m) = 8*m**3 - 5*m**2 - 4*m - 3. Let p be b(-3). Let u = p + 356. What is the highest common divisor of u and 13?
13
Suppose -1 = -f - 4. Let a be (-137)/f + (-4)/6. Suppose 4*j - 40 = -5*t, 5*j + t - 87 = 4*t. Calculate the greatest common factor of a and j.
15
Let p = 0 + 17. Let m = -8 + p. Calculate the greatest common factor of 45 and m.
9
Let i be (4/(32/(-18)))/(27/(-1620)). Suppose 2*k = a - 0*a - 19, -4*k = -16. Calculate the highest common factor of a and i.
27
Let k(g) = -3*g**2 + 5*g + 5. Let o(d) = -5*d**2 + 8*d + 7. Let r(x) = 7*k(x) - 5*o(x). Let h be r(-5). What is the greatest common divisor of 25 and h?
25
Suppose p + 4*f = 289, -p - 4*p + 1502 = f. Let m(r) = -57*r + 76. Let b be m(5). Let s = p + b. Calculate the highest common factor of 23 and s.
23
Let n(z) = -z + 4. Let i be n(-3). What is the greatest common divisor of i and 49?
7
Let q = -13 + 15. Suppose 5*d + 39 = -q*l + 134, 4*l = 2*d - 14. Calculate the greatest common divisor of d and 17.
17
Let c(j) = 17*j - 164. Let l be c